e u(-6). Let r(n) = 1. Let t(q) = 14*q + 2. Let j(b) = 3*r(b) - t(b). Determine j(g).
-13
Suppose -3 = -5*g - 2*c - 2, -g = c + 1. Let r(d) = 4*d**2 - 2*d + 1. Calculate r(g).
3
Let b(s) = -s + 1. Suppose t - 36 = -2*t. Suppose 0 = 6*g - 9*g + t. Give b(g).
-3
Let s(g) = -4*g**3 + 8*g - 5. Let j(z) = -5*z**3 + z**2 + 9*z - 6. Let k(a) = -3*j(a) + 4*s(a). Suppose -15 = 3*o, -63*f - 4 = -67*f + 4*o. What is k(f)?
-6
Suppose 0 = -101*y + 118*y + 136. Let n(a) = a + 15. Give n(y).
7
Let p(h) = h - 9. Let l(t) = t - 5. Let j(x) = 7*l(x) - 4*p(x). Let f be -1*(-1 + -1)*35/70. Determine j(f).
4
Let q(c) = 2*c + 3. Suppose 28 = 9*m - 35. Suppose -3 = -2*l - m. What is q(l)?
-1
Let t = -221 + 225. Let p(z) = -4*z - 2. Let n be p(-2). Let j(d) = -10*d + 2 + n*d**2 + 4 - 1 - 5*d**2. Determine j(t).
-19
Let l(z) = -z**2 + z + 4. Suppose -21 = -q - 3*q - d, 3*q - d - 14 = 0. Suppose 0 = -i + q*i - 16. Calculate l(i).
-8
Let v(d) = 20*d**2 - 35*d**2 - d + d**3 + 2 + 13*d**2. Let w(u) = -2 - 5 - u**2 - 4*u - u + 4. Let a be w(-2). Calculate v(a).
8
Let u = -113 - -119. Let b(m) = -6*m + 5. Determine b(u).
-31
Let w(c) be the second derivative of c**7/2520 + c**6/144 + 13*c**4/12 - 19*c. Let j(t) be the third derivative of w(t). Determine j(-6).
6
Suppose 9 = -4*u - 19. Let z = -5 - u. Suppose -2*h - z + 8 = 0. Let b(d) = -5*d + 4. What is b(h)?
-11
Let d(a) = 22*a**3 - a**2 - a. Let z(y) = -y**2 + 4*y + 76. Let t be z(11). Give d(t).
-22
Let d(f) = 4*f**2 + 13*f - 15. Let s be d(1). Let w(i) be the first derivative of -s*i**2 + 2*i + 1/3*i**3 + 10. Calculate w(3).
-1
Let f(n) = n**3 + 9*n**2 + 9*n + 7. Suppose -3*w - 377 = -5*x, 6*w = w + x - 599. Let m = w - -111. Determine f(m).
-1
Let z(t) = 0*t**2 + 25*t + 21*t + t**2 - 16 + 17*t - 64*t. Determine z(-4).
4
Let f(u) = 3196*u**3 + 7 - 3 - 7*u**2 - 3197*u**3 + 8*u. Let g(x) = -5*x + 2. Let w be g(2). Determine f(w).
4
Let z(f) = -f**3 - f**2 + 1. Let w(g) = -4*g + 49. Let n be w(11). Suppose -n*r - 94 = -84. Determine z(r).
5
Let q(t) = -5*t + 15. Let u be q(3). Let h(x) = 228*x - 225*x + 1 + u. Determine h(1).
4
Let y(z) = -5*z - 17. Let j be y(-5). Let k(c) = 459 - 3*c - 3*c**2 - 453 - 7*c + 4*c**2. Give k(j).
-10
Let t = 14 + -6. Let p(x) = x**2 - 7*x - 5. Let l be p(t). Suppose l = j - 3. Let k(r) = r**3 - 6*r**2 + r + 2. Give k(j).
8
Let x(f) = 4*f + 1. Let a(i) = -1. Let z be (-3)/(4/4) - -2. Let p(l) = z*x(l) + 6*a(l). What is p(-5)?
13
Let z be 16/2 + (2 - (-10)/(-5)). Suppose -z = -7*u - u. Let g(r) = -4*r**2 - r + 1. Determine g(u).
-4
Suppose 0 = -15*w - 0*w + 45. Let d(x) = -x**2 + x - 1. Let j(y) = 2*y**2 - 8*y + 5. Let h(u) = -u - 5. Let o be h(-4). Let v(q) = o*d(q) - j(q). What is v(w)?
8
Let x(f) = -f + 15. Suppose 2*u + 5*j = -14, 20*j + 6 = -u + 17*j. Give x(u).
27
Let d(l) be the second derivative of -l**5/10 + l**4/12 + l**3/3 - 3*l**2/2 - 50*l. Calculate d(2).
-11
Let g(c) = -2*c - 2. Let k(l) = 7*l - 1. Let y(o) = -3*g(o) - k(o). Let q(d) = -4*d - 2. Let z be q(-2). Let m be y(z). Let w(v) = 3*v**3 + v. Calculate w(m).
4
Let b(g) = 4*g - 11. Let d be b(4). Let y(h) = 31 - 80 - h**2 + 6*h + 25 + 30. Give y(d).
11
Suppose 38 = 2*z - 6. Suppose -z = -2*p + 4*l, -2*p + l + 55 = 3*p. Let o(c) = -6*c - 10*c - 1 + p*c. Determine o(-1).
4
Let v(u) be the first derivative of -8*u**3/3 - u**2 - u + 140. Give v(-2).
-29
Suppose -2*q = -6*q + 20. Suppose -4*s + s = j, -19 = 4*s - q*j. Let w = s - -1. Let d(t) = -t + 11. Give d(w).
11
Let l(x) be the second derivative of x**4/12 - x**3/6 - 8*x**2 + 16*x. Let d(s) be the first derivative of l(s). Let a = -2 - -5. What is d(a)?
5
Let x(t) be the third derivative of t**4/24 + t**3/6 + 190*t**2. What is x(8)?
9
Let m(j) = j**3 - 5*j**2 + 4*j - 11. Let v be m(5). Let t be v/15 - 92/20. Let o(r) = -r**2 - 3*r + 5. Give o(t).
1
Let z(q) be the first derivative of -q**5/20 + q**4/6 - q**3/6 + q**2/2 + 11*q + 14. Let p(w) be the first derivative of z(w). Calculate p(2).
-1
Let r(z) = z + z - 22498 + 22497. Let v be (1 + -1)*2/(-4). Suppose v = 4*f - 2*f + 5*k - 33, -3*f + 5*k = 13. What is r(f)?
7
Let r be (17/(2142/108))/((-1)/(-7)). Let q(y) = y**2 - 4*y - 10. Determine q(r).
2
Let p(y) = -y**2 + 16*y - 9. Let d(c) = c - 1. Let r(z) = 4*d(z) - p(z). Let w be r(12). Let k(j) = -2*j + 6. Give k(w).
-4
Let m = -196 - -210. Let r(f) = f**3 - 15*f**2 + 13*f - 6. Calculate r(m).
-20
Let q(c) = -3*c**3 - 20*c**3 + 8*c**2 + 22*c**3 - 23 - 4*c. What is q(7)?
-2
Let j(p) = p**2 - 14*p + 11. Let d = 71 - 77. Let i(l) = l**2 - 13*l + 10. Let a(f) = d*j(f) + 7*i(f). Calculate a(4).
-8
Let m = 236 - 236. Let a(h) be the second derivative of -1/20*h**5 - 1/6*h**3 + m - 1/2*h**2 + 1/4*h**4 - 6*h. Give a(2).
1
Let w = 356 + -356. Let n(x) = x**2 - 2*x + 3. Let f(k) = 3*k**2 - 5*k + 6. Let q(r) = -2*f(r) + 5*n(r). What is q(w)?
3
Let c = 652 + -650. Let x(w) = -6*w**2 + 3*w. Give x(c).
-18
Let h(a) be the third derivative of a**8/20160 - a**7/840 + a**6/360 + a**5/4 + 32*a**2. Let x(k) be the third derivative of h(k). What is x(5)?
-3
Let x(d) = -d**2 + 33*d - 9*d + 1 - 17*d - 5*d - 5*d**3. What is x(2)?
-39
Let u(h) = h**2 + 7*h + 3. Let a(s) = -3*s**2 - 20*s - 9. Let x(j) = -2*a(j) - 7*u(j). Calculate x(-5).
17
Let m(c) = c**2 - c + 4. Let a be 47/3 - 2/(-6). Let f = 120 + -111. Let x be f/12 + (-12)/a. Give m(x).
4
Let l = 99 + -98. Let n(o) = -4*o**2 - o. Give n(l).
-5
Suppose m + 3 = 0, -5*t + 3*m - 7 - 14 = 0. Let n(x) = -2 + 0*x - x + 3 + 0. Let p(b) = -9. Let d(u) = t*n(u) - p(u). Calculate d(-2).
-9
Suppose z + 4*j + 1 = 7, 0 = 4*z + 3*j - 11. Let x(u) = 4 - 2 - 3*u**z + u + 0*u + 3*u**3. Let n = 735 - 733. Give x(n).
16
Suppose a - 2*a = -1. Let g = 24 + -22. Let d(p) = -a - g*p**3 - 4*p + 3*p + 2*p. Determine d(2).
-15
Let p(f) be the first derivative of f**3/3 - 3*f**2 - 12*f - 84. Give p(8).
4
Let f(s) = -11*s**2 + 13*s - 13. Let c(a) = 7*a**2 - 8*a + 8. Let h(p) = 8*c(p) + 5*f(p). Calculate h(1).
1
Let r(b) = -b - 3. Suppose 5*s - 2 = 4*s. Suppose -s*i + 7 = 1. Let p = 0 - i. What is r(p)?
0
Suppose 4*p + 0 = 8. Let g(i) be the second derivative of 2*i**3/3 - 2*i**2 - 5*i. Let a(o) = -10*o + 10. Let v(l) = -5*a(l) - 12*g(l). Determine v(p).
2
Suppose -4*v - 4 + 8 = 0. Suppose -3*t = -2*t - 2. Let a(h) = 1 + 5*h**2 + h - 1 - h**t. Determine a(v).
5
Suppose 0 = 3*j - 0*j - 12. Let n(p) = -5*p**3 - 6*p**2 - 2*p + 3. Let r(u) = u**3 + u. Let m(s) = -n(s) - 6*r(s). Determine m(j).
13
Let d(r) = r**2 + r + 1. Let l(b) = 2*b**2 - 4*b - 2. Let w be l(7). Suppose -5*c - 80 = -c - 2*n, -4*c - w = n. Let s = c + 15. What is d(s)?
7
Let s(c) = -c + 8. Suppose 0 = 11*h - 234 + 69. Let t be 30*(-1)/((-4)/(-2)). Let p = t + h. Determine s(p).
8
Let p(c) = -2*c**3 + 10*c**2 + c + 21. Let j(k) be the first derivative of -k**4/4 + 5*k**3/3 + 11*k - 16. Let b(v) = 7*j(v) - 4*p(v). What is b(6)?
5
Let f = -1167 - -1161. Let d(w) = -2*w - 14. What is d(f)?
-2
Let p(y) = y + 3. Let v(j) = 0 - 5 + 8. Let q(b) = -3*p(b) + 2*v(b). Let c(m) = m**3 - 3*m - 2. Let t be c(-2). What is q(t)?
9
Let x(s) be the first derivative of -s**4/4 + s**3/3 - s**2/2 - 8*s + 6. Give x(0).
-8
Let i(f) = 1 + 0*f**2 + 2*f**2 - f**2 - 2*f**2 + 5*f. Suppose -4*a + 26 = 2*n, -5*a + 7*a = -5*n + 41. Determine i(n).
-13
Let h(p) = 2*p. Let f be (0 - 1)*(1 + 0 + -5). Determine h(f).
8
Suppose 0 = -4*j + 5 - 5. Suppose j*l = 4*l - 2*b - 10, -5*l - 3*b = -40. Let k(z) = z**3 - 6*z**2 + 5*z + 5. Give k(l).
5
Let y(z) = -30*z + 6 + 6*z**2 - 4 + 31*z. Let t = 26 - 28. Determine y(t).
24
Let s(p) = p - 11. Let q = -94 - -101. What is s(q)?
-4
Let p(j) = -8 + 2*j**2 + 11 - 1 - 3*j + 3*j**3 - 2*j**3. Determine p(-3).
2
Let f(s) = -s + 4*s**3 - 2*s**2 - 263 + 5*s + 260. Calculate f(1).
3
Let m be 30/(-4)*24/(-30). Suppose 3*x - m = 3. Suppose -2*a - 9 = -x. Let f(o) = -3*o + 4. Calculate f(a).
13
Let q(o) = 3*o - 24. Let d be q(8). Suppose -5*k = a - d*a - 14, -a = -k - 2. Let t(n) = n**3 - 4*n**2 + 4*n - 6. Give t(a).
10
Let s = -6 - -9. Let c(u) = -1 - 5*u - 2*u**2 + 4*u - u**3 + 0*u**2 + s*u**2. Determine c(2).
-7
Let v(i) = -i. Let c be -1*(-6)/3*14/4. Calculate v(c).
-7
Let a(s) = s**3 - 7*s**2 + 6*s. Let l be 4 + (-15)/(-6)*8/10. What is a(l)?
0
Let g be (-4)/6*(-75)/10. Let b(l) = -3*l**2 + 5*l**2 + l + g*